{"id":12691,"date":"2020-10-29T16:03:14","date_gmt":"2020-10-29T15:03:14","guid":{"rendered":"https:\/\/abcdomkrakow.pl\/sklep\/?page_id=12691"},"modified":"2021-04-22T15:05:06","modified_gmt":"2021-04-22T13:05:06","slug":"regulamin-sklepu","status":"publish","type":"page","link":"https:\/\/abcdomkrakow.pl\/sklep\/regulamin-sklepu\/","title":{"rendered":"Regulamin Sklepu"},"content":{"rendered":"<p><strong>REGULAMIN SKLEPU INTERNETOWEGO<\/strong><\/p>\n<p>&nbsp;<\/p>\n<p style=\"text-align: center;\"><strong><span class=\"aCOpRe\">\u00a7<\/span>1<\/strong><\/p>\n<p><strong>Postanowienia og\u00f3lne<\/strong><\/p>\n<ol>\n<li>Sklep internetowy [dalej &#8222;Sklep&#8221;] prowadzi sprzeda\u017c detaliczn\u0105 za po\u015brednictwem Internetu, na podstawie niniejszego Regulaminu [dalej &#8222;Regulamin&#8221;].<\/li>\n<li>Zam\u00f3wienia realizuje firma\u00a0ABC Dom Sp. Jawna Kota\u015b i Wsp\u00f3lnik z siedzib\u0105 w 31-929 Krak\u00f3w, os. Centrum C 2\/42, dzia\u0142aj\u0105ca pod numerem NIP: 6783096805. Numer telefonu do kontaktu 12\u00a0413 83 74, adres email: sklep@abcdomkrakow.pl. Sp\u00f3lka jest zarejestrowana w KRS pod numerem 0000341308 przez S\u0105d Rejonowy dla Krakowa \u015ar\u00f3dmie\u015bcia w Krakowie.<\/li>\n<li>Regulamin jest integraln\u0105 cz\u0119\u015bci\u0105 umowy sprzeda\u017cy zawieranej z Klientem.<\/li>\n<li>Warunkiem zawarcia umowy sprzeda\u017cy jest akceptacja Regulaminu przez Klienta.<\/li>\n<li>Ceny podane w Sklepie s\u0105 cenami brutto (zawieraj\u0105 podatek VAT).<\/li>\n<li>Towary dost\u0119pne w Sklepie s\u0105 wolne od wad fizycznych i prawnych.<\/li>\n<\/ol>\n<p>&nbsp;<\/p>\n<p style=\"text-align: center;\"><strong><span class=\"aCOpRe\">\u00a7<\/span>2<\/strong><\/p>\n<p><strong>Zam\u00f3wienia<\/strong><\/p>\n<ol>\n<li>Zam\u00f3wienia mo\u017cna sk\u0142ada\u0107 w nast\u0119puj\u0105cy spos\u00f3b:<\/li>\n<\/ol>\n<ul>\n<li>poprzez koszyk dost\u0119pny na stronie internetowej Sklepu,<\/li>\n<li>emailem na adres dost\u0119pny na stronie internetowej Sklepu,<\/li>\n<li>telefonicznie na numery przeznaczone do sk\u0142adania zam\u00f3wie\u0144, dost\u0119pne na stronie internetowej Sklepu w zak\u0142adce Kontakt.<\/li>\n<\/ul>\n<p>&nbsp;<\/p>\n<ol start=\"2\">\n<li>Warunkiem realizacji zam\u00f3wienia jest podanie przez Klienta danych pozwalaj\u0105cych na weryfikacj\u0119 Klienta i odbiorcy towaru. Sklep potwierdza przyj\u0119cie zam\u00f3wienia emailem lub telefonicznie. Sklep ma prawo odm\u00f3wi\u0107 przyj\u0119cia zam\u00f3wienia, ograniczy\u0107 spos\u00f3b p\u0142atno\u015bci lub \u017c\u0105da\u0107 przedp\u0142aty w przypadku, gdy zam\u00f3wienie budzi uzasadnione w\u0105tpliwo\u015bci co do prawdziwo\u015bci i rzetelno\u015bci podanych danych b\u0105d\u017a sposobu zap\u0142aty.<\/li>\n<li>Dla stron wi\u0105\u017c\u0105ce s\u0105 informacje zawarte na stronie internetowej Sklepu przy kupowanym towarze w momencie z\u0142o\u017cenia zam\u00f3wienia, w szczeg\u00f3lno\u015bci: cena, charakterystyka towaru, jego cechy, elementy wchodz\u0105ce w sk\u0142ad zestawu, termin i spos\u00f3b dostawy.<\/li>\n<li>Informacje znajduj\u0105ce si\u0119 na stronie internetowej Sklepu nie stanowi\u0105 oferty w rozumieniu Kodeksu Cywilnego. Klient sk\u0142adaj\u0105c zam\u00f3wienie sk\u0142ada ofert\u0119 zakupu okre\u015blonego towaru. Do zawarcia umowy sprzeda\u017cy dochodzi z chwil\u0105 potwierdzenia Zam\u00f3wienia przez Klienta poprzez klikni\u0119cie w link potwierdzaj\u0105cy w mailu przys\u0142anym Klientowi przez Sklep.<\/li>\n<\/ol>\n<p>&nbsp;<\/p>\n<p style=\"text-align: center;\"><strong><span class=\"aCOpRe\">\u00a7<\/span>3<\/strong><\/p>\n<p><strong>P\u0142atno\u015bci<\/strong><\/p>\n<ol>\n<li>Klient ma do wyboru formy p\u0142atno\u015bci okre\u015blone w zak\u0142adce Formy p\u0142atno\u015bci.<\/li>\n<li>Ceny przesy\u0142ek okre\u015blone s\u0105 w zak\u0142adce ,,koszty i terminy dostaw,, oraz w koszyku.<\/li>\n<li>Warunkiem wydania towaru jest zap\u0142ata za towar i przesy\u0142k\u0119.<\/li>\n<\/ol>\n<p>&nbsp;<\/p>\n<p style=\"text-align: center;\"><strong><span class=\"aCOpRe\">\u00a7<\/span>4<\/strong><\/p>\n<p><strong>Wysy\u0142ka towaru<\/strong><\/p>\n<ol>\n<li>Zam\u00f3wiony towar Sklep wysy\u0142a specjalnie do tego celu przystosowanym transportem\u00a0lub udost\u0119pnia do odbioru przez klienta w magazynie\u00a0firmy.<\/li>\n<li>W przypadku p\u0142atno\u015bci za pomoc\u0105 karty p\u0142atniczej, termin realizacji zam\u00f3wienia jest liczony od chwili pozytywnej autoryzacji transakcji.<\/li>\n<li>W przypadku p\u0142atno\u015bci przelewem na konto bankowe, termin wysy\u0142ki wyd\u0142u\u017ca si\u0119 o okres pomi\u0119dzy z\u0142o\u017ceniem zam\u00f3wienia, a dat\u0105 zaksi\u0119gowania nale\u017cno\u015bci na rachunku bankowym Sklepu.<\/li>\n<\/ol>\n<p>&nbsp;<\/p>\n<p style=\"text-align: center;\"><strong><span class=\"aCOpRe\">\u00a7<\/span>5<\/strong><\/p>\n<p><strong>Reklamacje<\/strong><\/p>\n<ol>\n<li>W przypadku niezgodno\u015bci towaru z umow\u0105 Klient powinien odes\u0142a\u0107 do Sklepu, na koszt Sklepu, reklamowany towar wraz z opisem niezgodno\u015bci.<\/li>\n<li>Pami\u0119taj reklamowanie produkt\u00f3w marki Pergo czy Quick-Step zdarza si\u0119 niezwykle rzadko, je\u017celi jednak ma miejsce; przyczyn\u0105 ich wyst\u0119powania jest najcz\u0119\u015bciej monta\u017c niezgodny z instrukcj\u0105 monta\u017cu. Aktualn\u0105 instrukcj\u0119 monta\u017cu produkt\u00f3w Pergo i Quick-Step mo\u017cna pobra\u0107 ze strony\u00a0<u><a href=\"https:\/\/pro.pergo.pl\/pl-pl\/laminat\/big-slab\/l0320-01779_%C5%82upek-srednioszary?filter=FloorTypeCode.eq.LMP%2fRangeCode.eq.Big+slab#documents\">www.pergo.pl\u00a0<\/a><\/u>lub www.quick-step.com.pl<\/li>\n<li>Sklep ustosunkowuje si\u0119 do reklamacji Klienta w terminie 14 dni roboczych od momentu zwrotu towaru wraz z opisem niezgodno\u015bci.<\/li>\n<li>Gdy realizacja uzasadnionej reklamacji wi\u0105\u017ce si\u0119 z wys\u0142aniem Klientowi nowego towaru b\u0105d\u017a usuni\u0119cia niezgodno\u015bci, koszty dostaw ponosi Sklep.<\/li>\n<li>Indywidualne ustawienia komputera i monitora Klienta powoduj\u0105ce b\u0142\u0119dne lub zniekszta\u0142cone wy\u015bwietlanie informacji o towarach (np. kolor\u00f3w), nie mog\u0105 by\u0107 podstaw\u0105 reklamacji.<\/li>\n<\/ol>\n<p>&nbsp;<\/p>\n<p style=\"text-align: center;\"><strong><span class=\"aCOpRe\">\u00a7<\/span>6<\/strong><\/p>\n<p><strong>Prawo odst\u0105pienia od umowy<\/strong><\/p>\n<ol>\n<li>Na podstawie Ustawy o ochronie niekt\u00f3rych praw konsument\u00f3w oraz o odpowiedzialno\u015bci za szkod\u0119 wyrz\u0105dzon\u0105 przez produkt niebezpieczny z dnia 2 marca 2000 r. Klient ma prawo odst\u0105pienia od umowy.<\/li>\n<li>Prawo odst\u0105pienia od umowy jest skuteczne je\u017celi Klient z\u0142o\u017cy Sklepowi, w terminie 14 dni od odbioru towaru, o\u015bwiadczenie o odst\u0105pieniu od umowy.<\/li>\n<li>Klient zwraca towar do Sklepu w terminie 14 dni od z\u0142o\u017cenia\u00a0<u><a href=\"http:\/\/twinson24.pl\/pl\/i\/Druk-odstapienia-od-umowy\/47\">o\u015bwiadczenia o odst\u0105pieniu od umowy<\/a><\/u>.<\/li>\n<li>W ci\u0105gu 3 dni roboczych od otrzymania przesy\u0142ki w ca\u0142o\u015bci zam\u00f3wienia, Sklep sprawdzi stan przekazanego produktu.<\/li>\n<li>W terminie 7 dni od sprawdzenia towaru Sklep zwraca Klientowi zap\u0142acon\u0105 kwot\u0119. Klient powinien wskaza\u0107 numer rachunku bankowego, na jaki ma zosta\u0107 przelana zwracana kwota. W przypadku p\u0142atno\u015bci kart\u0105 p\u0142atnicz\u0105 zwrot \u015brodk\u00f3w zostanie wykonany na kart\u0119.<\/li>\n<li>Prawo odst\u0105pienia nie przys\u0142uguje Klientowi w przypadkach okre\u015blonych w ustawie, o kt\u00f3rej mowa w ust. 1 powy\u017cej.<\/li>\n<li>Brak jest mo\u017cliwo\u015bci zwrotu cz\u0119\u015bci materia\u0142\u00f3w oraz pozosta\u0142o\u015bci po zako\u0144czonym monta\u017cu. Towar musi zosta\u0107 zwr\u00f3cony w ca\u0142o\u015bci.<\/li>\n<\/ol>\n<p>&nbsp;<\/p>\n<p style=\"text-align: center;\"><strong><span class=\"aCOpRe\">\u00a7<\/span>7<\/strong><\/p>\n<p><strong>Ochrona prywatno\u015bci<\/strong><\/p>\n<ol>\n<li>Sk\u0142adaj\u0105c zam\u00f3wienie Klient wyra\u017ca zgod\u0119 na przetwarzanie jego danych osobowych wy\u0142\u0105cznie w celu realizacji zam\u00f3wienia.<\/li>\n<li>Klient mo\u017ce r\u00f3wnie\u017c wyrazi\u0107 odr\u0119bn\u0105 zgod\u0119 na otrzymywanie od Sklepu materia\u0142\u00f3w reklamowo &#8211; promocyjnych, w tym biuletynu handlowego.<\/li>\n<li>Klient ma prawo dost\u0119pu do swoich danych osobowych oraz ich poprawiania, \u017c\u0105dania zaprzestania ich przetwarzania oraz sprzeciwu wobec ich przetwarzania,<\/li>\n<\/ol>\n<p>&nbsp;<\/p>\n<p style=\"text-align: center;\"><strong><span class=\"aCOpRe\">\u00a7<\/span>8<\/strong><\/p>\n<p><strong>W\u0142asno\u015b\u0107 intelektualna<\/strong><\/p>\n<p>Zabrania si\u0119 wykorzystywania jakichkolwiek materia\u0142\u00f3w publikowanych na stronie internetowej Sklepu (w tym zdj\u0119\u0107 i opis\u00f3w towar\u00f3w) bez pisemnej zgody Sklepu.<\/p>\n<p>&nbsp;<\/p>\n<p style=\"text-align: center;\"><strong><span class=\"aCOpRe\">\u00a7<\/span>9<\/strong><\/p>\n<p><strong>Wej\u015bcie w \u017cycie i zmiany Regulaminu<\/strong><\/p>\n<ol>\n<li>Regulamin wchodzi w \u017cycie z dniem publikacji na stronie internetowej Sklepu.<\/li>\n<li>Niniejszy Regulamin mo\u017ce zosta\u0107 zmieniony.<\/li>\n<li>Zmiany Regulaminu zostan\u0105 opublikowane na stronie Sklepu.<\/li>\n<li>Informacja o zmianach Regulaminu zostanie przes\u0142ana Klientowi na adres email wskazany w zam\u00f3wieniu.<\/li>\n<li>Zmiany Regulaminu wchodz\u0105 w \u017cycie po up\u0142ywie 14 dni od dnia ich publikacji w spos\u00f3b okre\u015blony w ust. 3.<\/li>\n<li>Sklep uznaje, i\u017c Klient zaakceptowa\u0142 zmiany regulaminu, je\u015bli nie wypowiedzia\u0142 umowy do ko\u0144ca up\u0142ywu okresu wskazanego w ust. 5.<\/li>\n<\/ol>\n","protected":false},"excerpt":{"rendered":"<p>REGULAMIN SKLEPU INTERNETOWEGO &nbsp; \u00a71 Postanowienia og\u00f3lne Sklep internetowy [dalej &#8222;Sklep&#8221;] prowadzi sprzeda\u017c detaliczn\u0105 za po\u015brednictwem Internetu, na podstawie niniejszego Regulaminu [dalej &#8222;Regulamin&#8221;]. Zam\u00f3wienia realizuje firma\u00a0ABC Dom Sp. Jawna Kota\u015b i Wsp\u00f3lnik z siedzib\u0105 w 31-929 Krak\u00f3w, os. Centrum C 2\/42, dzia\u0142aj\u0105ca pod numerem NIP: 6783096805. Numer telefonu do kontaktu 12\u00a0413 83 74, adres email: sklep@abcdomkrakow.pl. Sp\u00f3lka jest zarejestrowana w KRS pod numerem 0000341308 przez S\u0105d Rejonowy dla Krakowa \u015ar\u00f3dmie\u015bcia w Krakowie. Regulamin jest integraln\u0105 cz\u0119\u015bci\u0105 umowy sprzeda\u017cy zawieranej z Klientem. Warunkiem zawarcia umowy sprzeda\u017cy jest akceptacja Regulaminu przez Klienta. Ceny podane w Sklepie s\u0105 cenami brutto (zawieraj\u0105 podatek VAT). Towary dost\u0119pne w Sklepie s\u0105 wolne od wad fizycznych i prawnych. &nbsp; \u00a72 Zam\u00f3wienia Zam\u00f3wienia mo\u017cna sk\u0142ada\u0107 w nast\u0119puj\u0105cy spos\u00f3b: poprzez koszyk dost\u0119pny na stronie internetowej Sklepu, emailem na adres dost\u0119pny na stronie internetowej Sklepu, [&hellip;]<\/p>\n","protected":false},"author":1,"featured_media":0,"parent":0,"menu_order":0,"comment_status":"closed","ping_status":"closed","template":"","meta":{"footnotes":""},"class_list":["post-12691","page","type-page","status-publish","hentry"],"yoast_head":"<!-- This site is optimized with the Yoast SEO plugin v24.4 - https:\/\/yoast.com\/wordpress\/plugins\/seo\/ -->\n<title>Regulamin Sklepu - AbcDom e-sklep z panelami podlogowymi<\/title>\n<meta name=\"robots\" content=\"noindex, nofollow\" \/>\n<meta property=\"og:locale\" content=\"pl_PL\" \/>\n<meta property=\"og:type\" content=\"article\" \/>\n<meta property=\"og:title\" content=\"Regulamin Sklepu - AbcDom e-sklep z panelami podlogowymi\" \/>\n<meta property=\"og:description\" content=\"REGULAMIN SKLEPU INTERNETOWEGO &nbsp; \u00a71 Postanowienia og\u00f3lne Sklep internetowy [dalej &#8222;Sklep&#8221;] prowadzi sprzeda\u017c detaliczn\u0105 za po\u015brednictwem Internetu, na podstawie niniejszego Regulaminu [dalej &#8222;Regulamin&#8221;]. Zam\u00f3wienia realizuje firma\u00a0ABC Dom Sp. Jawna Kota\u015b i Wsp\u00f3lnik z siedzib\u0105 w 31-929 Krak\u00f3w, os. Centrum C 2\/42, dzia\u0142aj\u0105ca pod numerem NIP: 6783096805. Numer telefonu do kontaktu 12\u00a0413 83 74, adres email: sklep@abcdomkrakow.pl. Sp\u00f3lka jest zarejestrowana w KRS pod numerem 0000341308 przez S\u0105d Rejonowy dla Krakowa \u015ar\u00f3dmie\u015bcia w Krakowie. Regulamin jest integraln\u0105 cz\u0119\u015bci\u0105 umowy sprzeda\u017cy zawieranej z Klientem. Warunkiem zawarcia umowy sprzeda\u017cy jest akceptacja Regulaminu przez Klienta. Ceny podane w Sklepie s\u0105 cenami brutto (zawieraj\u0105 podatek VAT). Towary dost\u0119pne w Sklepie s\u0105 wolne od wad fizycznych i prawnych. &nbsp; \u00a72 Zam\u00f3wienia Zam\u00f3wienia mo\u017cna sk\u0142ada\u0107 w nast\u0119puj\u0105cy spos\u00f3b: poprzez koszyk dost\u0119pny na stronie internetowej Sklepu, emailem na adres dost\u0119pny na stronie internetowej Sklepu, [&hellip;]\" \/>\n<meta property=\"og:url\" content=\"https:\/\/abcdomkrakow.pl\/sklep\/regulamin-sklepu\/\" \/>\n<meta property=\"og:site_name\" content=\"AbcDom e-sklep z panelami podlogowymi\" \/>\n<meta property=\"article:modified_time\" content=\"2021-04-22T13:05:06+00:00\" \/>\n<meta name=\"twitter:card\" content=\"summary_large_image\" \/>\n<meta name=\"twitter:label1\" content=\"Szacowany czas czytania\" \/>\n\t<meta name=\"twitter:data1\" content=\"5 minut\" \/>\n<script type=\"application\/ld+json\" class=\"yoast-schema-graph\">{\"@context\":\"https:\/\/schema.org\",\"@graph\":[{\"@type\":\"WebPage\",\"@id\":\"https:\/\/abcdomkrakow.pl\/sklep\/regulamin-sklepu\/\",\"url\":\"https:\/\/abcdomkrakow.pl\/sklep\/regulamin-sklepu\/\",\"name\":\"Regulamin Sklepu - AbcDom e-sklep z panelami podlogowymi\",\"isPartOf\":{\"@id\":\"https:\/\/abcdomkrakow.pl\/sklep\/#website\"},\"datePublished\":\"2020-10-29T15:03:14+00:00\",\"dateModified\":\"2021-04-22T13:05:06+00:00\",\"breadcrumb\":{\"@id\":\"https:\/\/abcdomkrakow.pl\/sklep\/regulamin-sklepu\/#breadcrumb\"},\"inLanguage\":\"pl-PL\",\"potentialAction\":[{\"@type\":\"ReadAction\",\"target\":[\"https:\/\/abcdomkrakow.pl\/sklep\/regulamin-sklepu\/\"]}]},{\"@type\":\"BreadcrumbList\",\"@id\":\"https:\/\/abcdomkrakow.pl\/sklep\/regulamin-sklepu\/#breadcrumb\",\"itemListElement\":[{\"@type\":\"ListItem\",\"position\":1,\"name\":\"Strona g\u0142\u00f3wna\",\"item\":\"https:\/\/abcdomkrakow.pl\/sklep\/\"},{\"@type\":\"ListItem\",\"position\":2,\"name\":\"Regulamin Sklepu\"}]},{\"@type\":\"WebSite\",\"@id\":\"https:\/\/abcdomkrakow.pl\/sklep\/#website\",\"url\":\"https:\/\/abcdomkrakow.pl\/sklep\/\",\"name\":\"AbcDom e-sklep z panelami podlogowymi\",\"description\":\"Oferujemy panele pod\u0142ogowe i parkiety. Panele winylowe i laminowane od producent\u00f3w Quickstep oraz Pergo. Szybka wycena, mo\u017cliwo\u015bc monta\u017cu i ciekawe promocje.\",\"publisher\":{\"@id\":\"https:\/\/abcdomkrakow.pl\/sklep\/#organization\"},\"potentialAction\":[{\"@type\":\"SearchAction\",\"target\":{\"@type\":\"EntryPoint\",\"urlTemplate\":\"https:\/\/abcdomkrakow.pl\/sklep\/?s={search_term_string}\"},\"query-input\":{\"@type\":\"PropertyValueSpecification\",\"valueRequired\":true,\"valueName\":\"search_term_string\"}}],\"inLanguage\":\"pl-PL\"},{\"@type\":\"Organization\",\"@id\":\"https:\/\/abcdomkrakow.pl\/sklep\/#organization\",\"name\":\"AbcDom Krak\u00f3w Sklep z Panelami Pod\u0142ogowymi\",\"url\":\"https:\/\/abcdomkrakow.pl\/sklep\/\",\"logo\":{\"@type\":\"ImageObject\",\"inLanguage\":\"pl-PL\",\"@id\":\"https:\/\/abcdomkrakow.pl\/sklep\/#\/schema\/logo\/image\/\",\"url\":\"https:\/\/abcdomkrakow.pl\/sklep\/wp-content\/uploads\/2020\/04\/logo-abcdom-krakow-drzwi-podlogi.png\",\"contentUrl\":\"https:\/\/abcdomkrakow.pl\/sklep\/wp-content\/uploads\/2020\/04\/logo-abcdom-krakow-drzwi-podlogi.png\",\"width\":230,\"height\":49,\"caption\":\"AbcDom Krak\u00f3w Sklep z Panelami Pod\u0142ogowymi\"},\"image\":{\"@id\":\"https:\/\/abcdomkrakow.pl\/sklep\/#\/schema\/logo\/image\/\"}}]}<\/script>\n<!-- \/ Yoast SEO plugin. -->","yoast_head_json":{"title":"Regulamin Sklepu - AbcDom e-sklep z panelami podlogowymi","robots":{"index":"noindex","follow":"nofollow"},"og_locale":"pl_PL","og_type":"article","og_title":"Regulamin Sklepu - AbcDom e-sklep z panelami podlogowymi","og_description":"REGULAMIN SKLEPU INTERNETOWEGO &nbsp; \u00a71 Postanowienia og\u00f3lne Sklep internetowy [dalej &#8222;Sklep&#8221;] prowadzi sprzeda\u017c detaliczn\u0105 za po\u015brednictwem Internetu, na podstawie niniejszego Regulaminu [dalej &#8222;Regulamin&#8221;]. Zam\u00f3wienia realizuje firma\u00a0ABC Dom Sp. Jawna Kota\u015b i Wsp\u00f3lnik z siedzib\u0105 w 31-929 Krak\u00f3w, os. Centrum C 2\/42, dzia\u0142aj\u0105ca pod numerem NIP: 6783096805. Numer telefonu do kontaktu 12\u00a0413 83 74, adres email: sklep@abcdomkrakow.pl. Sp\u00f3lka jest zarejestrowana w KRS pod numerem 0000341308 przez S\u0105d Rejonowy dla Krakowa \u015ar\u00f3dmie\u015bcia w Krakowie. Regulamin jest integraln\u0105 cz\u0119\u015bci\u0105 umowy sprzeda\u017cy zawieranej z Klientem. Warunkiem zawarcia umowy sprzeda\u017cy jest akceptacja Regulaminu przez Klienta. Ceny podane w Sklepie s\u0105 cenami brutto (zawieraj\u0105 podatek VAT). Towary dost\u0119pne w Sklepie s\u0105 wolne od wad fizycznych i prawnych. &nbsp; \u00a72 Zam\u00f3wienia Zam\u00f3wienia mo\u017cna sk\u0142ada\u0107 w nast\u0119puj\u0105cy spos\u00f3b: poprzez koszyk dost\u0119pny na stronie internetowej Sklepu, emailem na adres dost\u0119pny na stronie internetowej Sklepu, [&hellip;]","og_url":"https:\/\/abcdomkrakow.pl\/sklep\/regulamin-sklepu\/","og_site_name":"AbcDom e-sklep z panelami podlogowymi","article_modified_time":"2021-04-22T13:05:06+00:00","twitter_card":"summary_large_image","twitter_misc":{"Szacowany czas czytania":"5 minut"},"schema":{"@context":"https:\/\/schema.org","@graph":[{"@type":"WebPage","@id":"https:\/\/abcdomkrakow.pl\/sklep\/regulamin-sklepu\/","url":"https:\/\/abcdomkrakow.pl\/sklep\/regulamin-sklepu\/","name":"Regulamin Sklepu - AbcDom e-sklep z panelami podlogowymi","isPartOf":{"@id":"https:\/\/abcdomkrakow.pl\/sklep\/#website"},"datePublished":"2020-10-29T15:03:14+00:00","dateModified":"2021-04-22T13:05:06+00:00","breadcrumb":{"@id":"https:\/\/abcdomkrakow.pl\/sklep\/regulamin-sklepu\/#breadcrumb"},"inLanguage":"pl-PL","potentialAction":[{"@type":"ReadAction","target":["https:\/\/abcdomkrakow.pl\/sklep\/regulamin-sklepu\/"]}]},{"@type":"BreadcrumbList","@id":"https:\/\/abcdomkrakow.pl\/sklep\/regulamin-sklepu\/#breadcrumb","itemListElement":[{"@type":"ListItem","position":1,"name":"Strona g\u0142\u00f3wna","item":"https:\/\/abcdomkrakow.pl\/sklep\/"},{"@type":"ListItem","position":2,"name":"Regulamin Sklepu"}]},{"@type":"WebSite","@id":"https:\/\/abcdomkrakow.pl\/sklep\/#website","url":"https:\/\/abcdomkrakow.pl\/sklep\/","name":"AbcDom e-sklep z panelami podlogowymi","description":"Oferujemy panele pod\u0142ogowe i parkiety. Panele winylowe i laminowane od producent\u00f3w Quickstep oraz Pergo. Szybka wycena, mo\u017cliwo\u015bc monta\u017cu i ciekawe promocje.","publisher":{"@id":"https:\/\/abcdomkrakow.pl\/sklep\/#organization"},"potentialAction":[{"@type":"SearchAction","target":{"@type":"EntryPoint","urlTemplate":"https:\/\/abcdomkrakow.pl\/sklep\/?s={search_term_string}"},"query-input":{"@type":"PropertyValueSpecification","valueRequired":true,"valueName":"search_term_string"}}],"inLanguage":"pl-PL"},{"@type":"Organization","@id":"https:\/\/abcdomkrakow.pl\/sklep\/#organization","name":"AbcDom Krak\u00f3w Sklep z Panelami Pod\u0142ogowymi","url":"https:\/\/abcdomkrakow.pl\/sklep\/","logo":{"@type":"ImageObject","inLanguage":"pl-PL","@id":"https:\/\/abcdomkrakow.pl\/sklep\/#\/schema\/logo\/image\/","url":"https:\/\/abcdomkrakow.pl\/sklep\/wp-content\/uploads\/2020\/04\/logo-abcdom-krakow-drzwi-podlogi.png","contentUrl":"https:\/\/abcdomkrakow.pl\/sklep\/wp-content\/uploads\/2020\/04\/logo-abcdom-krakow-drzwi-podlogi.png","width":230,"height":49,"caption":"AbcDom Krak\u00f3w Sklep z Panelami Pod\u0142ogowymi"},"image":{"@id":"https:\/\/abcdomkrakow.pl\/sklep\/#\/schema\/logo\/image\/"}}]}},"_links":{"self":[{"href":"https:\/\/abcdomkrakow.pl\/sklep\/wp-json\/wp\/v2\/pages\/12691","targetHints":{"allow":["GET"]}}],"collection":[{"href":"https:\/\/abcdomkrakow.pl\/sklep\/wp-json\/wp\/v2\/pages"}],"about":[{"href":"https:\/\/abcdomkrakow.pl\/sklep\/wp-json\/wp\/v2\/types\/page"}],"author":[{"embeddable":true,"href":"https:\/\/abcdomkrakow.pl\/sklep\/wp-json\/wp\/v2\/users\/1"}],"replies":[{"embeddable":true,"href":"https:\/\/abcdomkrakow.pl\/sklep\/wp-json\/wp\/v2\/comments?post=12691"}],"version-history":[{"count":3,"href":"https:\/\/abcdomkrakow.pl\/sklep\/wp-json\/wp\/v2\/pages\/12691\/revisions"}],"predecessor-version":[{"id":12694,"href":"https:\/\/abcdomkrakow.pl\/sklep\/wp-json\/wp\/v2\/pages\/12691\/revisions\/12694"}],"wp:attachment":[{"href":"https:\/\/abcdomkrakow.pl\/sklep\/wp-json\/wp\/v2\/media?parent=12691"}],"curies":[{"name":"wp","href":"https:\/\/api.w.org\/{rel}","templated":true}]}}